
Let o(d) = -d**3 + 4*d**2 + 4*d + 7. Let g = 1 - -4. Let z be o(g). Let n(a) = a**z - 4*a - 6 + 4*a + 3*a. Give n(-5).
4
Let v(f) = -3 + 2*f + 0*f + 7 + 4. What is v(7)?
22
Let g(d) = 11 - 27 + 15 + 15*d. Calculate g(1).
14
Let v(l) = l**3 - 4*l**2 - l - 7. Suppose -m + 0*m = -5. What is v(m)?
13
Let j(t) = 5*t**3 - 2*t + 2. Let w(p) = 11*p**3 - 5*p + 5. Let b(d) = 7*j(d) - 3*w(d). What is b(1)?
2
Suppose 4 = 3*u - 2, 3*n + 5*u = 13. Let z(f) = -f**3 - 5*f**2 + 5*f - 4. Let l be z(-6). Let y(t) = -4 + 5 - 3*t**l + 3*t**3 + t**2. Give y(n).
2
Let a(c) = 2*c**3 + 2*c**2. Let h be a(-2). Let i(m) = -m**3 - 7*m**2 + 7*m - 11. What is i(h)?
-3
Let j(v) = -3*v + 22. Let x be j(7). Let k(q) = -23*q**2 + 1. What is k(x)?
-22
Let d(o) = -7 - 2*o - 11 + 9. Calculate d(-6).
3
Let k(m) be the second derivative of m**4/12 - 2*m**3/3 - m**2/2 - 6*m. Give k(5).
4
Let x(o) = -o + 1. Let n(z) = -7*z**2 + 35*z - 35. Let c(j) = -n(j) - 35*x(j). Let a(f) = -f - 1. Let b be a(-2). Let p be b + 1 - (-1 + 2). What is c(p)?
7
Let l be (21/42)/(2*(-1)/(-16)). Let u(q) = -q**3 + 3*q**2 + 4*q. Give u(l).
0
Let d(x) = -x**3 - 5*x**2 + 7*x + 4. Let b be 4/8 - (-26)/(-4). Give d(b).
-2
Suppose 0*j + 2*b = -4*j - 10, 5*j + 14 = -3*b. Let z be (-4 - -8)*j/2. Let d(s) = -6*s - 2. Give d(z).
10
Let n = -136 - -142. Let l(f) = f**3 - 6*f**2 - 2*f - 2. Calculate l(n).
-14
Suppose 4*q + 0 = -4, 5*d + 6 = 4*q. Let z(y) = -y**2 - 1. Let h(j) = j**2 + 3*j + 1 - 3 - 7*j. Let p(u) = d*z(u) - h(u). What is p(-4)?
4
Let p(y) = 13*y**2 - 15*y + 13. Let h(b) = 7*b**2 - 8*b + 7. Let w(o) = 7*h(o) - 4*p(o). Give w(3).
-18
Let c be (-12)/24 - 7/2. Let a(z) = -z**2 + 7 - 2*z - 3 + 1. Give a(c).
-3
Suppose 2*h = 4*o - 18, -4*h = 4*o + 6 - 18. Let y(i) = 4*i**3 + i**2 + 2*i + 1. Calculate y(h).
-4
Let w(b) = -1. Let s(g) = g**2 - 9*g + 7. Let d(t) = -s(t) + 2*w(t). Determine d(6).
9
Let z(j) = -j**3 - 3*j**2 + 6*j + 2. Suppose -4*f = -3*y + y, 5*y + 26 = -3*f. Calculate z(y).
-6
Let t(x) = -2*x - 7. Suppose -2*z = -2*o + 12, -5*o + o - 4 = 0. Calculate t(z).
7
Let g(p) = 5 - 17*p - 13*p + 33*p. What is g(-4)?
-7
Let y(q) = -3*q - 1. Let m(j) = 2*j. Let a(b) = -4*m(b) - 3*y(b). Give a(0).
3
Let j(d) be the second derivative of -d**4/12 - 3*d**3/2 + 11*d**2/2 + 26*d + 2. Determine j(-9).
11
Let x(b) = -b**3 + 2*b**2 - 8*b + 5. Let s(t) = -t**2 + t - 1. Let l(k) = -6*s(k) - x(k). Suppose 6*i + 3*i + 27 = 0. Determine l(i).
4
Let u(l) = -l**2 + 6*l - 3. Let t be u(5). Suppose n = -4*g - 4, 5*n + 12 = t*n + g. Let k(f) = -3*f - 6. Determine k(n).
6
Let a(n) = 0 - 2*n + n**2 - 8 + 6. Give a(4).
6
Let z be (-284)/14 + 4/14. Let l be z/(-6)*(-21)/(-14). Suppose -u + 2 = c, -8*c = -3*c - l*u - 40. Let q(a) = 3*a - 4. Calculate q(c).
11
Let s = -13 - -24. Let z(d) = 6*d + 6. Let o(f) = -17*f - 17. Let k(u) = s*z(u) + 4*o(u). Give k(-4).
6
Let d(i) = -9*i + 5. Let w(p) = -5*p + 3. Let a(c) = 4*d(c) - 7*w(c). Determine a(-3).
2
Suppose 3*l + 8 = -l. Let o(x) = 13*x - 11. Let q(m) = 7*m - 6. Let f(r) = -6*o(r) + 11*q(r). Give f(l).
2
Let i(y) = y**3 - y**2. Let u(o) = 4*o**3 - 2*o**2 + o + 6. Let g(k) = -3*i(k) + u(k). Determine g(0).
6
Let d(l) = -6*l**2 - l + 1. Suppose 0 = 3*h + 2*h - 20. Let g = -3 + h. Give d(g).
-6
Let x be ((-6)/(-4))/(1/2). Suppose -8 = -4*n - 0. Let m(c) = 3*c**x + 4*c**3 - c + 2*c**2 - 3*c**n. Calculate m(-1).
-7
Let y be (1/3)/((-3)/(-9)). Let d = -1 + y. Let r be (-8)/2*(d + -1). Let x(j) = -2*j + 1. Calculate x(r).
-7
Let g(l) = l**3 + 7*l**2 + 6*l + 5. Let v(d) = d**2 - 3*d - 4. Let x be v(4). Suppose 3*y + 11 + 7 = x. Give g(y).
5
Let a(p) be the first derivative of -p**6/360 - p**5/40 - p**4/24 - p**3 - 1. Let i(r) be the third derivative of a(r). Give i(-4).
-5
Let t(r) = 18*r**3 + 3*r**2 - 8*r - 3. Let p(n) = 6*n**3 + n**2 - 3*n - 1. Let z be (-1 + -1)/((-6)/12). Let x(q) = z*t(q) - 11*p(q). Let v = 4 + -3. Give x(v).
7
Let m(c) = -c**3 - 2*c**2 - 1. Let d(s) = 2*s + 6. Let l = -9 + 5. Let k be d(l). Determine m(k).
-1
Let f(o) = o**3 - 3*o**2 + 2*o - 3. Let a(y) = y**2 + 2*y - 5. Let i be a(3). Let p = 4 + -8. Let x be ((-15)/i)/(3/p). What is f(x)?
-3
Let t(f) = 6*f + 3*f - 13*f + 3*f + 1. Give t(5).
-4
Let j(c) = 6*c**2 + 4*c - 5. Let z(a) = -7*a**2 - 4*a + 5. Let u(i) = 6*j(i) + 5*z(i). Let k be 4/(-2) + -19 + 17. Determine u(k).
-5
Let q(r) = r - 6. Suppose -s + 2 + 9 = 3*f, f + 5 = 4*s. Calculate q(f).
-3
Let q be (-2)/(-9) + 156/27. Let t be (-36)/(-15) - 2/5. Let z(o) = -1 - 2*o**t - 6 - 4*o + q. Determine z(-3).
-7
Let l(w) = -w**3 + 2*w**2 + 3. Let o be l(2). Let z(r) be the first derivative of -6 - 3*r + 4 - r**2 + 3. Determine z(o).
-9
Suppose 0*s + 6 = 4*s + 3*z, -4*z = s - 8. Let w(m) be the second derivative of -m + s - 1/2*m**3 - m**2. What is w(-2)?
4
Let l = 56 - 58. Let x(q) = -q**3 - 2*q**2 - 4*q - 2. Determine x(l).
6
Let s(j) be the second derivative of j**5/60 + 5*j**4/24 + j**3/2 + j**2/2 + j. Let y(r) be the first derivative of s(r). Calculate y(-5).
3
Suppose -8 = 5*i + 7. Let u(z) be the third derivative of -z**4/6 + z**3/2 + 26*z**2. Determine u(i).
15
Suppose -5*p = -p - 5*o + 24, -6 = p + 3*o. Let g(i) = i**2 + 5*i - 2. Determine g(p).
4
Suppose 2*p = -3*o - 1, 0*p - 25 = 3*o - 4*p. Let s(z) = z**2 + 5*z + 3. Determine s(o).
-3
Let i = 103/28 + -24/7. Let b(x) be the second derivative of -1/2*x**2 + i*x**4 - x + 0 + 1/3*x**3. Determine b(1).
4
Let j = -2 + 3. Suppose 0 = 4*u + 5 - 17. Let s(o) = u + j - 2*o + 0*o. What is s(5)?
-6
Let q be (-1 + 2)*2 - 0. Let a(l) = -l**2 - 3 + l**q + 3*l**2 - 4*l**2 + l. What is a(0)?
-3
Suppose 0 = k + 5*y - 5, -3*k + 2*y + 15 = -3*y. Let h(f) = -f**3 + 7*f**2 - 7*f - 1. Determine h(k).
14
Let b(m) = -2*m - 2. Let q = 21 - 18. What is b(q)?
-8
Let l(t) = 2*t - 7. Let j(h) = -2*h + 7. Let k(n) = -6*j(n) - 5*l(n). Let d = 2 + 3. Calculate k(d).
3
Let w = -7 - -20. Let c = 13 - w. Let t(q) = -q**2 + 9. Calculate t(c).
9
Let u(b) be the second derivative of -b**4/12 - b**3/2 + b**2/2 + 16*b. What is u(-2)?
3
Suppose 5*c + 8 = 3*o, 0*o - 24 = -3*o - 3*c. Let z(y) = -y**2 + 8*y. Calculate z(o).
12
Let y(b) be the third derivative of 1/60*b**5 - 1/6*b**3 - 6*b**2 + 0*b + 0 - 1/24*b**4. Let p(c) = -c - 1. Let t be p(1). Determine y(t).
5
Let a = 1 - 2. Let n(s) be the first derivative of -s**4/6 + s**2 - 1. Let d(z) be the second derivative of n(z). Determine d(a).
4
Let n(x) be the third derivative of x**6/120 - x**5/12 + 5*x**4/24 - x**3/3 - 10*x**2. Give n(3).
-5
Let c(n) = 3*n - 1. Let w(o) = -o - 1. Let i(b) = c(b) + 4*w(b). Determine i(-5).
0
Let r(c) be the first derivative of 3*c**2 + 1/4*c**4 - 7/3*c**3 - 6*c + 3. Give r(6).
-6
Let i(k) be the third derivative of k**5/60 + k**4/6 + k**3/3 + k**2. Let r(l) = l**3 - 8*l**2 + 2*l - 10. Let j be r(8). Let s = -9 + j. Calculate i(s).
-1
Let l be 0/(3 + (-4)/2). Let t(k) be the third derivative of -k**2 + 0*k + l + 0*k**3 + 0*k**4 + 1/120*k**6 + 1/30*k**5. Calculate t(-2).
0
Let k(s) be the third derivative of s**4/12 + 13*s**2. Give k(2).
4
Let a(c) = -2*c**2 + 2*c - 1. Let x = 20 + -22. Give a(x).
-13
Let f(l) = l**2 - 1. Suppose 5*p + 2 = 17. Let s(a) = -a**3 - 3*a**2 + 2. Let w be s(-3). Suppose -c - w = -p*c. Calculate f(c).
0
Let w(l) = l**2 + 2*l - 1. Suppose 3*r + 1 = 5*t + 10, -12 = 4*t. Determine w(r).
-1
Let j(f) = -5*f - 22. Let t be j(-5). Let s(d) be the second derivative of 0 + 1/12*d**4 - t*d + d**3 - d**2. Give s(-5).
-7
Let m(n) = 28*n**2 + 2 + 6*n + 0 - 29*n**2 + 4. Let y(l) = l**3 - 6*l**2 + 5*l + 6. Let a be y(5). Give m(a).
6
Let g(f) = 3*f**2 + 4*f + 6. Let h(v) = -v**2 - v - 1. Let d(b) = g(b) + 4*h(b). Calculate d(0).
2
Let x(w) = 5*w**2 - 7*w + 15. Let z(c) = 14*c**2 - 21*c + 44. Let h(k) = 17*x(k) - 6*z(k). Determine h(-7).
-9
Let a(h) = -h + 7. Let i be a(5). Let p(g) = 0 + 4*g - 1 + 0*g**i - 1 - g**2. Let v = -5 + 9. What is p(v)?
-2
Suppose -5*k + 0 = -4*r + 2, 0 = -3*k + 2*r. Let o(f) = 8*f. Calculate o(k).
16
Let a(v) = v**2 + 5*v + 6. Let w be a(-5). Suppose 0*d = 3*d + w. Let x = 2 + d. Let m(f) = -f**2 + f + 6. Calculate m(x).
6
Suppose 3*c + 5 = -7. Let h = 7 + c. Let i(t) = 0*t**2 - t**2 - t**2 + t**2 + 5 + h*t. What is i(4)?
1
Let c(i) = -8*i**2 + 2*i + 1. Suppose -6*j = -3*j. Suppose m + 0*m + 6 = j. Let k be (-4)/m*(-